 308 and 58256.
44
Calculate the greatest common factor of 43472 and 1232.
176
What is the greatest common divisor of 845887 and 283?
283
Calculate the highest common factor of 30036 and 12.
12
What is the greatest common divisor of 84 and 104979?
21
Calculate the greatest common divisor of 760 and 21220.
20
What is the greatest common divisor of 597 and 1102659?
597
Calculate the highest common factor of 8772 and 684.
12
Calculate the highest common factor of 93 and 93.
93
What is the highest common factor of 138 and 596114?
46
What is the highest common factor of 246470 and 30?
10
What is the highest common factor of 330 and 20966?
22
Calculate the greatest common factor of 905 and 240187.
181
What is the greatest common factor of 119054 and 208?
26
What is the greatest common divisor of 369590 and 78?
26
What is the highest common divisor of 390 and 2737410?
390
Calculate the highest common divisor of 1305 and 76676.
29
Calculate the greatest common factor of 21301 and 512477.
1253
What is the greatest common factor of 65016 and 8370?
54
Calculate the greatest common divisor of 70026 and 132.
66
What is the highest common divisor of 2160 and 1251360?
720
What is the greatest common divisor of 3652 and 20252?
332
What is the greatest common factor of 57248 and 128?
32
What is the highest common factor of 234441 and 228?
57
What is the greatest common divisor of 40 and 719720?
40
What is the greatest common factor of 5585 and 1265561?
1117
What is the highest common divisor of 105 and 796880?
35
Calculate the highest common divisor of 9 and 1412127.
9
What is the greatest common factor of 500512 and 64?
32
What is the greatest common factor of 567 and 9234?
81
Calculate the highest common divisor of 3443 and 5008.
313
What is the highest common divisor of 2448 and 4284?
612
What is the greatest common divisor of 4911 and 6?
3
What is the greatest common divisor of 10 and 4403030?
10
Calculate the greatest common divisor of 15266 and 306.
34
Calculate the highest common divisor of 1458009 and 18.
9
Calculate the greatest common factor of 165542 and 26.
26
Calculate the greatest common factor of 87 and 1716423.
87
Calculate the highest common factor of 56655 and 225.
45
Calculate the greatest common divisor of 63765 and 780.
195
What is the highest common factor of 256 and 447008?
32
What is the greatest common divisor of 1525954 and 74?
74
What is the greatest common factor of 497 and 27356?
7
Calculate the highest common factor of 279 and 51801.
93
What is the greatest common factor of 178 and 14?
2
Calculate the highest common divisor of 27 and 2907549.
27
What is the highest common divisor of 46 and 57270?
46
Calculate the highest common factor of 353 and 455723.
353
Calculate the highest common divisor of 91 and 854.
7
Calculate the greatest common divisor of 2831 and 45.
1
Calculate the highest common factor of 11016 and 391.
17
Calculate the greatest common divisor of 102585 and 14.
7
What is the highest common divisor of 3851250 and 225?
75
Calculate the highest common divisor of 22083256 and 41.
41
What is the greatest common divisor of 3 and 33447?
3
Calculate the highest common divisor of 1265 and 15.
5
What is the greatest common factor of 1322551 and 129?
43
What is the greatest common factor of 79 and 847591?
79
Calculate the highest common divisor of 20037726 and 54.
54
What is the greatest common factor of 295 and 104371?
59
What is the greatest common divisor of 2890 and 39950?
170
What is the greatest common factor of 5423 and 784102?
319
Calculate the greatest common divisor of 60162 and 78861.
813
What is the highest common factor of 234 and 1664?
26
What is the greatest common factor of 794526 and 6?
6
Calculate the greatest common factor of 3584 and 40448.
512
Calculate the greatest common divisor of 112 and 59528.
56
Calculate the greatest common divisor of 624619 and 124.
31
What is the highest common factor of 2432 and 107616?
608
Calculate the highest common divisor of 34 and 106658.
34
Calculate the highest common divisor of 253904 and 76.
4
What is the highest common factor of 179 and 4732939?
179
Calculate the highest common divisor of 561 and 504713.
187
What is the highest common divisor of 646 and 23562?
34
What is the greatest common divisor of 56 and 123592?
56
What is the highest common factor of 2051166 and 26?
26
Calculate the greatest common factor of 167338 and 1178.
62
Calculate the highest common divisor of 56 and 9704.
8
What is the greatest common divisor of 49070 and 1022?
14
What is the greatest common divisor of 4 and 1359296?
4
What is the highest common factor of 2869 and 4681?
151
Calculate the highest common divisor of 1157 and 16465.
89
Calculate the greatest common factor of 104 and 3178.
2
What is the greatest common divisor of 86 and 528298?
86
Calculate the greatest common factor of 34 and 10268.
34
Calculate the greatest common factor of 336882 and 70.
14
Calculate the highest common divisor of 18 and 2367.
9
What is the greatest common factor of 369797 and 19?
19
What is the greatest common divisor of 409 and 343969?
409
What is the highest common divisor of 2300 and 225?
25
Calculate the highest common divisor of 38785 and 5.
5
What is the highest common divisor of 785614 and 3?
1
Calculate the highest common divisor of 48568 and 2548.
52
What is the greatest common divisor of 220422 and 102?
102
What is the greatest common divisor of 3 and 26177?
1
Calculate the greatest common divisor of 4541 and 950.
19
What is the highest common factor of 19729 and 109?
109
Calculate the highest common factor of 32509 and 7021.
59
Calculate the highest common factor of 39754 and 1040.
26
Calculate the highest common divisor of 1101 and 1472771.
367
Calculate the highest common divisor of 1456 and 1440712.
728
Calculate the highest common divisor of 140 and 11639460.
140
Calculate the highest common divisor of 2601 and 981.
9
Calculate the highest common factor of 9088 and 784408.
568
Calculate the highest common divisor of 553829 and 109.
109
What is the highest common factor of 568619 and 1?
1
What is the greatest common factor of 614 and 746?
2
What is the greatest common factor of 767253 and 87?
87
Calculate the greatest common factor of 2020825 and 50.
25
What is the greatest common factor of 3874 and 8195?
149
What is the greatest common factor of 7 and 2669?
1
Calculate the greatest common factor of 50 and 1630425.
25
Calculate the highest common divisor of 5344 and 80.
16
What is the highest common factor of 96 and 2144032?
32
What is the highest common factor of 113348 and 688?
172
What is the greatest common divisor of 27217 and 136?
17
What is the highest common divisor of 9909 and 270?
27
Calculate the greatest common factor of 2984 and 10312.
8
What is the highest common divisor of 846716 and 28652?
988
What is the greatest common factor of 13272 and 609?
21
What is the highest common divisor of 1776 and 3582636?
444
Calculate the greatest common divisor of 9334 and 85801.
359
Calculate the greatest common factor of 525 and 945.
105
Calculate the greatest common factor of 322 and 1748.
46
What is the highest common factor of 13356 and 2172258?
954
What is the greatest common divisor of 6645 and 3630?
15
What is the highest common divisor of 464314 and 172?
86
What is the greatest common divisor of 21 and 409311?
21
Calculate the greatest common divisor of 1122 and 62934.
102
What is the highest common factor of 55158 and 6?
6
Calculate the highest common divisor of 2204 and 589.
19
What is the highest common factor of 1355984 and 224?
112
Calculate the greatest common factor of 489890 and 10.
10
What is the highest common factor of 55 and 259985?
55
What is the greatest common divisor of 76055 and 2415?
35
What is the greatest common divisor of 1506 and 127257?
753
Calculate the greatest common divisor of 404894 and 70.
14
What is the greatest common divisor of 1941 and 2156451?
1941
What is the greatest common divisor of 293864 and 4?
4
What is the greatest common factor of 92 and 53268?
92
What is the greatest common factor of 40090 and 3895?
95
What is the highest common divisor of 538 and 45999?
269
Calculate the highest common factor of 130 and 25835.
5
What is the highest commo